{"id":132,"date":"2007-10-29T12:40:19","date_gmt":"2007-10-29T10:40:19","guid":{"rendered":"https:\/\/www.racketlon.fi\/?page_id=132"},"modified":"2026-03-31T18:26:18","modified_gmt":"2026-03-31T16:26:18","slug":"racketlonliiton-jasenseurat","status":"publish","type":"page","link":"https:\/\/www.racketlon.fi\/?page_id=132","title":{"rendered":"Lajitieto"},"content":{"rendered":"<p><a href=\"https:\/\/www.racketlon.fi\/?page_id=1481\">Historia<\/a> | <a href=\"https:\/\/www.racketlon.fi\/?page_id=47\">S\u00e4\u00e4nn\u00f6t<\/a> | <a href=\"https:\/\/www.racketlon.fi\/?page_id=132\">Seurat<\/a> | <a href=\"https:\/\/www.racketlon.fi\/?page_id=1488\">Hallit<\/a><\/p>\n<hr \/>\n<h1>Racketlonliiton j\u00e4senseurat<\/h1>\n<table width=\"700\">\n<tbody>\n<tr>\n<td width=\"330\"><b><u>Seura<\/u><\/b><\/td>\n<td width=\"150\"><b><u>Yhteyshenkil\u00f6<\/u><\/b><\/td>\n<td width=\"200\"><b><u>S\u00e4hk\u00f6posti<\/u><\/b><\/td>\n<\/tr>\n<tr>\n<td><strong><a href=\"http:\/\/www.esrc.fi\">Espoo Squash Rackets Club ESRC<\/a><\/strong><\/td>\n<td>Emilia Kostiainen<\/td>\n<td>emilia.kostiainen1989[at]gmail.com<\/td>\n<\/tr>\n<tr>\n<td><strong><a href=\"http:\/\/granitennis.fi\/etusivu\/\">Grani Tennis<\/a><\/strong><\/td>\n<td>Seppo Raiski<\/td>\n<td>seppo.raiski[at]ains.fi<\/td>\n<\/tr>\n<tr>\n<td><strong><a href=\"http:\/\/www.gvlk.fi\/fi\/\">Gr\u00f6n-Vita Lawntennis Klubben<\/a><\/strong><\/td>\n<td>Joonas Heinonen<\/td>\n<td>joonas.gvlk[at]gmail.com<\/td>\n<\/tr>\n<tr>\n<td><a href=\"http:\/\/www.hsksquash.fi\"><strong>Helsingin Squashkerho HSK<\/strong><\/a><\/td>\n<td>Poku Salo<\/td>\n<td>poku[at]racketlon.fi<\/td>\n<\/tr>\n<tr>\n<td><a href=\"http:\/\/www.hsrc.fi\"><strong>Helsinki Squash Rackets Club HSRC<\/strong><\/a><\/td>\n<td>Ilmari Vikstr\u00c3\u00b6m<\/td>\n<td>ilmari.vikstrom(at)hsrc.fi<\/td>\n<\/tr>\n<tr>\n<td><strong><a href=\"http:\/\/www.pt75.fi\">Lahti-Sulkkis ry<\/a><\/strong><\/td>\n<td>Mika Niemi<\/td>\n<td>puheenjohtaja[at]lahti-sulkkis.fi<\/td>\n<\/tr>\n<tr>\n<td><a href=\"http:\/\/www.mbf.fi\"><b>Mejlans Bollf\u00f6rening MBF(Hki)<\/b><\/a><\/td>\n<td>Peter Eriksson<\/td>\n<td>Peter.Ruda.Eriksson[at]gmail.com<\/td>\n<\/tr>\n<tr>\n<td><a href=\"http:\/\/www.myyrsquash.com\"><b>Myyr Squash (Vantaa)<\/b><\/a><\/td>\n<td>Markku Merta<\/td>\n<td>markku.merta[at]gmail.com<\/td>\n<\/tr>\n<tr>\n<td><b><a href=\"http:\/\/www.rcu.fi\"><strong>Racketlon Club Ule\u00e5borg RCU<\/strong><\/a><\/b><\/td>\n<td>Markus Vahtola<\/td>\n<td>markvaht[at]gmail.com<\/td>\n<\/tr>\n<tr>\n<td><strong><a>Racketlonv\u00e4ki (Tampere)<\/a><\/strong><\/td>\n<td>Pekka Tennil\u00e4<\/td>\n<td>p.tennila@protonmail.com<\/td>\n<\/tr>\n<tr>\n<td><b><a href=\"http:\/\/www.smashtennis.fi\"><strong>Smash<\/strong><\/a><\/b><\/td>\n<td>Ari Ahokas<\/td>\n<td>ari.ahokas[at]smashtennis.fi<\/td>\n<\/tr>\n<tr>\n<td><b><a href=\"https:\/\/ttcboom.sporttisaitti.com\"><strong>TTC Boom<\/strong><\/a><\/b><\/td>\n<td>Jukka Julin<\/td>\n<td>ttcboom[at]kolumbus.fi<\/td>\n<\/tr>\n<td><strong><a href=\"http:\/\/www.manhattansportcenter.fi\">\u00c5bo Lawn-Tennis Klubb \u00c5LK(Turku)<\/a><\/strong><\/td>\n<td>Olli Marjam\u00e4ki<\/td>\n<td>ollimarjamaki[at]gmail.com<\/td>\n<\/tbody>\n<\/table>\n","protected":false},"excerpt":{"rendered":"<p>Historia | S\u00e4\u00e4nn\u00f6t | Seurat | Hallit Racketlonliiton j\u00e4senseurat Seura Yhteyshenkil\u00f6 S\u00e4hk\u00f6posti Espoo Squash Rackets Club ESRC Emilia Kostiainen emilia.kostiainen1989[at]gmail.com Grani Tennis Seppo Raiski seppo.raiski[at]ains.fi Gr\u00f6n-Vita Lawntennis Klubben Joonas Heinonen joonas.gvlk[at]gmail.com Helsingin Squashkerho HSK Poku Salo poku[at]racketlon.fi Helsinki Squash Rackets Club HSRC Ilmari Vikstr\u00c3\u00b6m ilmari.vikstrom(at)hsrc.fi Lahti-Sulkkis ry Mika Niemi puheenjohtaja[at]lahti-sulkkis.fi Mejlans Bollf\u00f6rening MBF(Hki) Peter Eriksson &hellip; <a href=\"https:\/\/www.racketlon.fi\/?page_id=132\" class=\"more-link\">Jatka lukemista<span class=\"screen-reader-text\"> &#8221;Lajitieto&#8221;<\/span><\/a><\/p>\n","protected":false},"author":39,"featured_media":0,"parent":0,"menu_order":0,"comment_status":"closed","ping_status":"closed","template":"","meta":{"footnotes":""},"class_list":["post-132","page","type-page","status-publish","hentry"],"_links":{"self":[{"href":"https:\/\/www.racketlon.fi\/index.php?rest_route=\/wp\/v2\/pages\/132","targetHints":{"allow":["GET"]}}],"collection":[{"href":"https:\/\/www.racketlon.fi\/index.php?rest_route=\/wp\/v2\/pages"}],"about":[{"href":"https:\/\/www.racketlon.fi\/index.php?rest_route=\/wp\/v2\/types\/page"}],"author":[{"embeddable":true,"href":"https:\/\/www.racketlon.fi\/index.php?rest_route=\/wp\/v2\/users\/39"}],"replies":[{"embeddable":true,"href":"https:\/\/www.racketlon.fi\/index.php?rest_route=%2Fwp%2Fv2%2Fcomments&post=132"}],"version-history":[{"count":68,"href":"https:\/\/www.racketlon.fi\/index.php?rest_route=\/wp\/v2\/pages\/132\/revisions"}],"predecessor-version":[{"id":216102,"href":"https:\/\/www.racketlon.fi\/index.php?rest_route=\/wp\/v2\/pages\/132\/revisions\/216102"}],"wp:attachment":[{"href":"https:\/\/www.racketlon.fi\/index.php?rest_route=%2Fwp%2Fv2%2Fmedia&parent=132"}],"curies":[{"name":"wp","href":"https:\/\/api.w.org\/{rel}","templated":true}]}}