{"id":1424,"date":"2015-12-30T19:29:55","date_gmt":"2015-12-30T16:29:55","guid":{"rendered":"https:\/\/www.racketlon.fi\/?page_id=1424"},"modified":"2024-08-10T09:32:58","modified_gmt":"2024-08-10T07:32:58","slug":"1424-2","status":"publish","type":"page","link":"https:\/\/www.racketlon.fi\/?page_id=1424","title":{"rendered":"Lajitieto"},"content":{"rendered":"<p>&nbsp;<\/p>\n<p><a href=\"https:\/\/www.racketlon.fi\/?page_id=1481\">Historia<\/a> | <a href=\"https:\/\/www.racketlon.fi\/?page_id=47\">S\u00e4\u00e4nn\u00f6t<\/a> | <a href=\"https:\/\/www.racketlon.fi\/?page_id=132\">Seurat<\/a> | <a href=\"https:\/\/www.racketlon.fi\/?page_id=1488\">Hallit<\/a><\/p>\n<hr \/>\n<p><iframe loading=\"lazy\" style=\"max-width:100%;\" width=\"560\" height=\"315\" src=\"https:\/\/www.youtube.com\/embed\/ScwL6VCHESI?rel=0\" frameborder=\"0\" allow=\"autoplay; encrypted-media\" allowfullscreen><\/iframe><\/p>\n<h1>Racketlon<\/h1>\n<p>Racketlon on mailapelien moniottelu.<\/p>\n<p>Racketlonottelu koostuu pingiksest\u00e4, sulkapallosta, squashista\u00a0ja tenniksest\u00e4. Lajit pelataan edell\u00e4mainitussa j\u00e4rjestyksess\u00e4 kevyimm\u00e4st\u00e4 mailasta\u00a0painavimpaan.<\/p>\n<p>Racketlonilla on Suomessa t\u00e4ll\u00e4 hetkell\u00e4 noin kaksisataa lisensoitua kilpapelaajaa ja laji kasvaa maailmalla kovaa vauhtia &#8211; FIR:n maailmanrankingissa on yli 1500 pelaajaa.<\/p>\n<p>Racketlon soveltuu kaiken ik\u00e4isille ja tasoisille pelaajille. Kisoissa pelaaja voi osallistua ik\u00e4luokkaan tai tasoluokkaan, joskus jopa molempiin. Ik\u00e4luokkia l\u00f6ytyy 13-vuotiaista 70-vuotiaisiin saakka. Tasoluokkia ovat A (eliitti), B (aktiiviharrastajat), C (harrastajat) ja D (aloittelijat).<\/p>\n<p>Suomessa j\u00e4rjestet\u00e4\u00e4n yli kymmenen kisaa vuodessa. Suosittuja kisoja ovat muun muassa Racketlon Tour kisat, SM-kisat, Finnish Open sek\u00e4 Racketlon Lahti Open. Aktiivisimmat alueet ovat Lahti, Tampere, P\u00e4\u00e4kaupunkiseutu ja Oulu.<\/p>\n<p>Racketlonliitto perustettiin vuonna 2005. Liiton teht\u00e4v\u00e4 on tuoda lajia esille Suomessa ja kasvattaa sen harrastajapohjaa. Lis\u00e4ksi liitto yll\u00e4pit\u00e4\u00e4 rankingia ja tarjoaa ohjeita kisojen j\u00e4rjestelyyn.<\/p>\n<p><strong>Toivottavasti n\u00e4hd\u00e4\u00e4n kent\u00e4ll\u00e4!<\/strong><\/p>\n","protected":false},"excerpt":{"rendered":"<p>&nbsp; Historia | S\u00e4\u00e4nn\u00f6t | Seurat | Hallit Racketlon Racketlon on mailapelien moniottelu. Racketlonottelu koostuu pingiksest\u00e4, sulkapallosta, squashista\u00a0ja tenniksest\u00e4. Lajit pelataan edell\u00e4mainitussa j\u00e4rjestyksess\u00e4 kevyimm\u00e4st\u00e4 mailasta\u00a0painavimpaan. Racketlonilla on Suomessa t\u00e4ll\u00e4 hetkell\u00e4 noin kaksisataa lisensoitua kilpapelaajaa ja laji kasvaa maailmalla kovaa vauhtia &#8211; FIR:n maailmanrankingissa on yli 1500 pelaajaa. Racketlon soveltuu kaiken ik\u00e4isille ja tasoisille pelaajille. Kisoissa &hellip; <a href=\"https:\/\/www.racketlon.fi\/?page_id=1424\" class=\"more-link\">Jatka lukemista<span class=\"screen-reader-text\"> &#8221;Lajitieto&#8221;<\/span><\/a><\/p>\n","protected":false},"author":39,"featured_media":0,"parent":0,"menu_order":0,"comment_status":"closed","ping_status":"closed","template":"","meta":{"footnotes":""},"class_list":["post-1424","page","type-page","status-publish","hentry"],"_links":{"self":[{"href":"https:\/\/www.racketlon.fi\/index.php?rest_route=\/wp\/v2\/pages\/1424","targetHints":{"allow":["GET"]}}],"collection":[{"href":"https:\/\/www.racketlon.fi\/index.php?rest_route=\/wp\/v2\/pages"}],"about":[{"href":"https:\/\/www.racketlon.fi\/index.php?rest_route=\/wp\/v2\/types\/page"}],"author":[{"embeddable":true,"href":"https:\/\/www.racketlon.fi\/index.php?rest_route=\/wp\/v2\/users\/39"}],"replies":[{"embeddable":true,"href":"https:\/\/www.racketlon.fi\/index.php?rest_route=%2Fwp%2Fv2%2Fcomments&post=1424"}],"version-history":[{"count":33,"href":"https:\/\/www.racketlon.fi\/index.php?rest_route=\/wp\/v2\/pages\/1424\/revisions"}],"predecessor-version":[{"id":215812,"href":"https:\/\/www.racketlon.fi\/index.php?rest_route=\/wp\/v2\/pages\/1424\/revisions\/215812"}],"wp:attachment":[{"href":"https:\/\/www.racketlon.fi\/index.php?rest_route=%2Fwp%2Fv2%2Fmedia&parent=1424"}],"curies":[{"name":"wp","href":"https:\/\/api.w.org\/{rel}","templated":true}]}}